(-10 + -20) - (43 - 0)?
-31
What is the value of (9 - 33) + 101 + 13 + 4?
94
What is the value of -91 + (175 - 117) + 0 + -26?
-59
What is the value of (27 - 12) + (0 - (25 - (-2 + 0)))?
-12
Evaluate (26 + -9 - 7) + (-4 - 1) + (-94 - 29).
-118
(1 - -3) + 9 - (-26 - (-52 - -26))
13
What is the value of (190 + -149 - (61 + 27)) + (1 - -14)?
-32
What is the value of -108 - (-158 - (158 - 126))?
82
Calculate 1 + 20 - (229 - 195) - -14.
1
Evaluate 10 + (0 - (16 + -19 + 14 - 24)).
23
What is the value of -1 - (34 + -5 + 19 - 27)?
-22
Calculate -526 - -519 - (5 + -8 - (-2 + -2 + 2)).
-6
What is -1 + (54 + -13 + -15 - (16 - 3))?
12
Calculate -90 - (-32 + 57 + -48 + 31).
-98
What is the value of -38 - ((-13 + 7 - -7) + 4 + -2 + 5)?
-46
Evaluate (17 - (27 + -7 + 0)) + (-4 - 0).
-7
Evaluate -12 + 13 + -7 - (-1 + -20 - -49).
-34
61 + 11 + (20 - 144)
-52
Calculate 11 + 10 + -12 - (8 + 7 + -19).
13
Calculate -46 - (-87 - (47 - 39)).
49
Calculate (54 - 116) + (-3 - -74).
9
Calculate -31 - (18 + (-29 - -1 - 4)).
-17
What is -18 - (-56 - -5 - (-76 - -101))?
58
What is the value of (18 - -1) + 143 + -152 - 63?
-53
Calculate 15 - 10 - (-2 - 95) - (-520 - -542).
80
Calculate 0 - (47 - 90) - 10 - -46.
79
Calculate -31 + (117 + -111 - (13 - -1) - (1 + 0)).
-40
Evaluate -211 + (-54 - -59 - -109).
-97
Evaluate (-3 - 1) + -4 - (-13 - (74 - 33)).
46
What is 62 + (76 - 30) + -18 - (0 - 1 - -2)?
89
Evaluate -6 + -54 + 45 + 7.
-8
(-41 - (0 + 3)) + -33 + (-2 + 29 - -6)
-44
Calculate -2 - (0 - -2) - (1606 - 1601).
-9
What is the value of (-4 - (20 - 12)) + 1 + -24?
-35
Evaluate 0 + 0 + 8 + (-30 + 25 - -30).
33
Calculate -1 + 81 - (21 - 2 - (-47 - (69 + -134))).
79
What is -9 + (-1 - -1 - (0 - 9)) + 12 - -39?
51
What is -37 + (-2 + 1 - -2) + (17 - (20 + 0))?
-39
What is the value of -1 - 7 - ((32 - 47) + -3) - 0?
10
What is the value of -26 + 80 - (0 - (-1 - 10))?
43
10 + -58 + 0 + -8 + 6 + -3
-53
Evaluate 11 - (-55 + 24) - 31.
11
Evaluate 84 - ((-13 - -17) + -27 - -31).
76
Evaluate (25 - ((-8 - -16) + -2)) + (-19 - -55).
55
15 - (44 - (-5 + 24 - -11))
1
What is 10 + (1 - -18 - 14) + -18?
-3
-1 - (-28 + (4 - -5) + 19 - 69)
68
What is (-6930 - -6919) + (-2 - 2 - (-1 - 0) - -57)?
43
What is 14 + (28 - (-3 - 5)) + -7 + 6?
49
Calculate -159 + 86 + (10 - 64).
-127
11 + -23 + (-14 - (-30 + -12 + 22))
-6
-10 + 1 - (-390 - -384) - (-8 - -8)
-3
What is the value of (-25 - (22 + -39) - 0) + 0 + -52 - -11?
-49
What is 4 + (1 + 2 + -44 - (6 - (-26 + 22)))?
-47
Calculate -122 - ((-34 - 20) + 68 - (32 + 1)).
-103
Calculate -3 + -51 + 52 + -28 + -23 + 4.
-49
Calculate 20 - ((10 - 3) + (20 - -54)) - (0 + 2).
-63
Evaluate 2 + 32 - (-191 + 186) - 149.
-110
-10 + (21 - (13 + -14)) + (0 - -18)
30
Evaluate 1 + 16 + 73 + (-37 - -51).
104
(-3 - 0) + (27 + -4 - 10) + -6 + -28
-24
What is the value of (-183 - -193) + -1 + -65 + -2?
-58
What is 3 + 8 + 5 + -5 - (-72 - -17)?
66
Calculate (-40 - -43) + (-11 - 0) - (14 + 7).
-29
What is the value of 58 + (-34 - -9) + -20 + 1?
14
What is the value of -18 - 1 - (-117 - (-208 - -82))?
-28
Evaluate 3 + 20 + (-19 - (-7 + -21)).
32
Calculate -80 + -96 + 139 - -95.
58
What is the value of (-6 + 2 - (-20 + -3)) + (88 - 26)?
81
12 - (-146 - -140) - (6 + 2)
10
Calculate 182 + (-151 - (-80 + 38)).
73
Evaluate 34760 + -34761 - (0 - (-12 - 1)).
-14
What is -12 + (110 - 96) + (1 - -23)?
26
What is the value of -2 + -4 - -3 - (-11 + (-25 - 10) - 0)?
43
What is the value of 65 - 18 - (2 + 0) - 2?
43
Calculate -6 + ((-25 - (-6 + -7) - -3) + 13 - 63).
-65
What is the value of -9 - -6 - -46 - (0 + 20 + -6)?
29
What is -77 + (47 + 35 - 41)?
-36
What is the value of 3 + 26 - 8 - (23 + -25 - -10) - -14?
27
What is -1 - 4 - 23 - -67 - (0 + -9 + 4)?
44
Evaluate (-3 + 16 - 26) + 36 + -38.
-15
Evaluate -6 + 18 + 24 + 8.
44
Calculate -237 + 300 - (-2 - -49).
16
-39 - (27 - (52 + 22)) - 17
-9
What is the value of 1 + -4 + -141 - (89 - (165 - 54))?
-122
What is 5 + -1 + 0 - (-23 - ((-32 - -21) + 34))?
50
What is the value of 69 - (-67 + 144) - (4 + -2 + -60 + -1)?
51
41 + -39 + (-6 - -2) + 0 + -9
-11
Evaluate 57 + -19 + 11 - -25.
74
What is the value of 3 - (-52 - (4 + (-11 - -10 - 8) + 2))?
52
10 + -63 + (30 - 26 - (-7 - -5))
-47
-40 + (-7 - -22 - 9) + -7
-41
What is 4 + 0 + -3 + 3 - (383 - 307)?
-72
What is the value of -7 + -2 - (86 + 2 + (-64 - -54))?
-87
What is 1 - -2 - (-2 + -12 + 33 - 27)?
11
Calculate 31 + -28 + -15 + 0 + (-815 - -899).
72
(-121 - (-165 - -51)) + -2 + -69
-78
Evaluate 107 - ((14 - 11) + (21 - (23 + -13))).
93
1 - -1 - (14 + (21 - -66 - 55))
-44
Evaluate (-80 - (-77 + 3)) + -20 + 0.
-26
What is 5 + 8 - (51 + -2)?
-36
What is (-1 - -4) + -11 + -35 + 38 + -24?
-29
Evaluate -11 - (282 + -436 + 20 + 2 + -1).
122
What is 2 + (-18 - (6 + -14)) - 2 - (-4 + -39)?
33
Evaluate -16 + 5 - (117 + -4 + (32 - (-7 - -56))).
-107
Evaluate (1016 - 988 - (-1 + 0)) + -156.
-127
Evaluate 9 - (2 - -1 - (8 - (-3 - -60)) - -7).
-50
What is (55 - 19 - -4) + (-4 - 8)?
28
Evaluate -59 + 45 + (-8 - (-12 - 5)) - 3.
-8
Calculate -18 + 30 + 12 - -97 - 15.
106
-58 + 50 + (2 - -5) + (10 - 31)
-22
Calculate 0 + -13 - (4 + 29 - 10).
-36
(-6 - (-8 - -60)) + (46 - (40 - 7))
-45
Evaluate -84 + (70 - 78) + 52.
-40
Calculate (5 + (-27 - -22) - 10) + -124 + 0 + 0.
-134
Calculate 43 + -85 + 24 + -52 + 8 + 1 + 1.
-60
Calculate (-26 - -73) + 8 + -1 - (0 - -4).
50
Calculate (28 - -14) + (-1 - 0 - (-13 + 28 + -21)).
47
What is -75 - ((-13 - -2) + 44 + -25) - 16?
-99
What is the value of (11 + -16 + (-5 - 3) + 8 - 33) + 4?
-34
What is the value of -81 + 14 - (-26 - (-32 + 30))?
-43
What is -32 + (-25 + 14 + 33 - 32)?
-42
Evaluate 108 + -85 + -58 - -47.
12
-38 - -3 - (15 + (41 - 63))
-28
What is -70 - (-31 + -10 + -58)?
29
Evaluate -40 - (74 + -72 + (-3 - (4 + (-10 - -3)))).
-42
What is 1297 + -1310 - (-1 - -34)?
-46
What is the value of -68 - -87 - 17 - ((0 - -3 - -1) + 3)?
-5
What is the value of (2 - (-2 - -2)) + -7 - ((7 - -4) + -64)?
48
-17 + (10 + -14 - (4 - 4)) + 98
77
Evaluate -4 + (3 - (24 - 11)) - (22 - 5).
-31
What is -277 - -315 - (-12 + 20 - -64)?
-34
What is ((-3 - (35 + 10)) + 8 - (0 - -4)) + 9?
-35
Calculate (145 - 296) + 124 - (0 - 47).
20
What is the value of ((10 - 24) + 128 + 0 - -2) + -14?
102
What is -76 + (3 - (6 - -1) - (-21 + 4))?
-63
What is the value of -92 - (-65 - -119 - 42)?
-104
Evaluate 22 - 4 - (-8 + (15 + 40 - 3)).
-26
Calculate -19 + 18 + 28 + 37.
64
What is the value of 3 - (-5 + 3 - ((6 - 8 - -17) + 25))?
45
Evaluate 277 + -289 - (27 - 3).
-36
Calculate -3 + -12 + (2 - (9 + -9 + 3) - -6).
-10
What is the value of 11 - (-1 - (-2 - 0) - 4 - (-239 + 243))?
18
What is -22 + (10 - (-4 + 8)) + (-5 + 2 - -4)?
-15
Calculate 8 - (-2 - (-9 - ((11 - -31) + 4))).
-45
Calculate 25 + -11 + -47 - -60.
27
What is the value of 793 + -689 + (-1 - 18)?
85
Calculate 0 + -6 + 23 + (-30 + -6 - 19).
-38
What is the value of (11 + (6 - 12) - -43) + 27 + -40?
35
(77 - 84) + (-13 - -111) - 18
73
What is (6 + (-4 - -4) - 3) + (122 - 170)?
-45
What is 14 + 9 + -5 + -14 + -16 + 48?
36
Calculate 5 + 2 - (12 + (25 + -27 - 8)).
5
22 - (6 + 0) - (42 - 75)
49
What is 1062 - 1150 - ((6 - -8) + 2)?
-104
What is the value of (-110 - -200 - 88) + -110 + -2 + 5 + -1?
-106
What is the value of -41 + (-74 + 172 - -5)?
62
What is 60 - (-78 + 33) - 37?
68
Evaluate (-60 - -8) + (-17 - (10 + -56)).
-23
What is -191 + 250 + -35 + 4?
28
What is the value of -7 - ((29 - 15 - 23 - -14) + 6)?
-18
Evaluate 7 + (27 - 60 - 68) - (-12 - 1).
-81
What is 10 - (-8 - -21) - (-22 + -4) - (30 - 42)?
35
26 - -2 - (100 + 9 - 102)
21
(11524 - 11462) + (2 + 0 + 0 - 20)
44
What is the value of 9 + -65 + 15 + -7 + (15 - 2)?
-35
3 + (4 - 2) + (-16 - (-120 + 103))
6
What is the value of 33 - (-72 - (-108 - 38))?
-41
Evaluate 3 + 17 + 717 + -698.
39
What is the value of (7 - (6 + 1 - (64 + -68))) + 10 - -12?
18
What is the value of -8 - (-117 - -136 - (-2 + 6))?
-23
72 + -12 - (124 - 97)
33
(62 - -3) + -3 - (6 - (10 + -25) - 9)
50
Calculate (-42 - -29) + -5 + 33 + -2 + -5.
8
What is 47 - (-55 - (-103 - -2))?
1
What is the value of 2 + (175 - 172) + (2 - 11 - -1) + -68?
-71
Calculate -31 + -1 + (4 - (-15 - -11)) - (-41 - -55).
-38
Evaluate (-5 + 1 - 10) + 142 + -128 - (1 + -26).
25
What is -52 - (75 - 142) - (0 + 1 - -10)?
4
What i